osite number?
True
Is 7267717 prime?
True
Is 9814579 composite?
False
Is 131177939 a composite number?
False
Is 5374361 prime?
False
Is 107653879 composite?
False
Is 68550605 a prime number?
False
Is 87989317 a composite number?
True
Is 2563201 a composite number?
True
Is 11546731 a composite number?
True
Is 751447 a composite number?
False
Is 3649153 composite?
False
Is 3073727 a composite number?
False
Is 4806821 composite?
False
Is 15945071 a prime number?
False
Is 45470609 prime?
False
Is 13857787 prime?
True
Is 3314879 prime?
True
Is 219251 prime?
True
Is 430978073 a composite number?
False
Is 232095337 composite?
False
Is 29997743 prime?
False
Is 913700435 a prime number?
False
Is 592505521 a prime number?
True
Is 3421903 a composite number?
False
Is 156864659 prime?
False
Is 48150695 prime?
False
Is 4245238 a composite number?
True
Is 13798553 composite?
True
Is 41084773 a prime number?
True
Is 658987237 composite?
True
Is 3988321 a prime number?
True
Is 344231 a composite number?
False
Is 37120901 a prime number?
False
Is 4580269 composite?
False
Is 5509249 a composite number?
False
Is 183410378 a composite number?
True
Is 7098953 composite?
False
Is 47681719 a prime number?
False
Is 7811773 prime?
False
Is 3410534 prime?
False
Is 29872109 composite?
False
Is 1717945 prime?
False
Is 22429079 prime?
True
Is 1626917 a composite number?
True
Is 20296337 a prime number?
True
Is 1793527 a composite number?
True
Is 1226585 prime?
False
Is 18620711 a composite number?
True
Is 20642437 a composite number?
True
Is 532876011 composite?
True
Is 1404107 a composite number?
False
Is 93945521 prime?
False
Is 19854137 composite?
False
Is 66478267 a composite number?
True
Is 4223993 a composite number?
False
Is 55459258 composite?
True
Is 54669869 prime?
True
Is 22310539 a composite number?
False
Is 411909 a prime number?
False
Is 298142893 a prime number?
True
Is 1522896157 prime?
False
Is 424761 a composite number?
True
Is 10207433 composite?
False
Is 274887629 a prime number?
True
Is 415759 composite?
False
Is 815329 prime?
False
Is 1323206 a prime number?
False
Is 371164999 a prime number?
True
Is 546125893 prime?
True
Is 5661229 composite?
True
Is 786587 a composite number?
False
Is 12202195 composite?
True
Is 1717217 a composite number?
False
Is 13776731 a composite number?
True
Is 29978283 a composite number?
True
Is 1770257 composite?
True
Is 444739 a prime number?
True
Is 214198559 a prime number?
True
Is 424433507 a composite number?
True
Is 16412401 composite?
True
Is 22049647 a composite number?
True
Is 39306263 prime?
False
Is 214913 prime?
True
Is 399184783 composite?
False
Is 11137163 composite?
False
Is 14007687 a prime number?
False
Is 640569 prime?
False
Is 82195519 a composite number?
True
Is 14330593 composite?
False
Is 17123893 composite?
False
Is 15576217 prime?
True
Is 26164793 a prime number?
True
Is 5761451 composite?
False
Is 2108699 a composite number?
False
Is 465434813 a prime number?
False
Is 5153297 composite?
True
Is 25920149 prime?
False
Is 7840957 a composite number?
True
Is 29092285 composite?
True
Is 7349701 a prime number?
False
Is 268068143 a composite number?
True
Is 4433381 a composite number?
False
Is 5952257 a prime number?
False
Is 58680773 composite?
False
Is 1244855 composite?
True
Is 22331069 prime?
False
Is 743507 composite?
False
Is 14523211 a prime number?
True
Is 834469 prime?
True
Is 24523 a prime number?
False
Is 921250937 a prime number?
True
Is 138667 prime?
False
Is 15438965 a prime number?
False
Is 135023417 prime?
True
Is 425699413 a prime number?
True
Is 9616521 a prime number?
False
Is 523892647 a composite number?
True
Is 2030879 composite?
False
Is 1752830653 a composite number?
True
Is 7637243 prime?
True
Is 276868183 a composite number?
True
Is 1335797 a composite number?
False
Is 233515549 composite?
False
Is 371831 prime?
True
Is 5461763 a composite number?
False
Is 31549 a prime number?
False
Is 182770781 prime?
True
Is 17039993 composite?
False
Is 1323967 prime?
True
Is 2565515 prime?
False
Is 16641373 prime?
False
Is 6123731 a prime number?
False
Is 11083529 composite?
False
Is 3951707 a prime number?
True
Is 82201 a composite number?
True
Is 8147891 composite?
False
Is 2941049 a prime number?
True
Is 5145311 composite?
False
Is 139819 a composite number?
True
Is 17901449 a prime number?
False
Is 14368471 a composite number?
True
Is 972721 a prime number?
True
Is 23637217 a prime number?
False
Is 151199987 prime?
False
Is 872809585 a composite number?
True
Is 437111 a prime number?
True
Is 46649695 a prime number?
False
Is 24133351 prime?
False
Is 3831467 composite?
False
Is 23312343 a composite number?
True
Is 251677577 prime?
False
Is 1269113 a composite number?
False
Is 106082021 a composite number?
False
Is 1164151 a prime number?
False
Is 56896919 a composite number?
False
Is 552887 a prime number?
True
Is 3229871 prime?
False
Is 10359911 prime?
False
Is 16721333 prime?
True
Is 1553249 a prime number?
True
Is 2892749 prime?
True
Is 184862859 composite?
True
Is 281947571 a composite number?
False
Is 54363373 prime?
True
Is 168019 a prime number?
False
Is 8046673 a composite number?
True
Is 16451471 prime?
True
Is 173607627 a composite number?
True
Is 37114687 a prime number?
True
Is 37406263 composite?
True
Is 59371997 composite?
False
Is 566974151 a composite number?
False
Is 378886369 a composite number?
False
Is 135787 prime?
True
Is 10252301 a composite number?
False
Is 4479631 composite?
True
Is 7096289 a composite number?
True
Is 124207922 prime?
False
Is 2027183 a composite number?
True
Is 551711593 a prime number?
True
Is 32982661 a prime number?
False
Is 30736703 a composite number?
False
Is 15044819 a prime number?
True
Is 204566734 a composite number?
True
Is 253018889 prime?
True
Is 1037081 composite?
False
Is 35673233 prime?
True
Is 148196339 a composite number?
False
Is 5598101 composite?
True
Is 31046839 prime?
True
Is 161246391 composite?
True
Is 6809101 prime?
False
Is 1251473 a composite number?
True
Is 231988565 a prime number?
False
Is 14390097 a prime number?
False
Is 2368711 prime?
False
Is 15471409 a composite number?
True
Is 2854703 composite?
False
Is 6912559 a prime number?
False
Is 24940541 a composite number?
False
Is 29460239 a composite number?
False
Is 75798959 prime?
True
Is 26022277 a prime number?
True
Is 125171159 a prime number?
False
Is 12621241 a prime number?
True
Is 3705719 a composite number?
False
Is 144744799 a composite number?
False
Is 24527057 composite?
True
Is 7512787 prime?
False
Is 44269607 a composite number?
False
Is 29489717 composite?
False
Is 17004941 composite?
True
Is 1868323 a prime number?
False
Is 486289229 prime?
True
Is 1796413 a composite number?
False
Is 11877643 a composite number?
False
Is 685493 prime?
True
Is 2136643 prime?
True
Is 9294011 a composite number?
False
Is 17437139 a composite number?
False
Is 6772013 a prime number?
True
Is 4362241 a prime number?
False
Is 34214671 a prime number?
True
Is 273420029 a prime number?
False
Is 282264011 a prime number?
False
Is 155888023 a composite number?
False
Is 2385269 a prime number?
False
Is 106083833 prime?
True
Is 19451 a composite number?
True
Is 136469539 prime?
True
Is 18506753 prime?
True
Is 3368093 composite?
False
Is 135259 a composite number?
True
Is 1407262 a prime number?
False
Is 3951481 prime?
True
Is 1603293 composite?
True
Is 6681777 composite?
True
Is 859233 a prime number?
False
Is 41916817 composite?
False
Is 2806333 a prime number?
True
Is 723791 composite?
False
Is 271807 a prime number?
True
Is 6531883 composite?
True
Is 2256299 a prime number?
True
Is 10367563 composite?
False
Is 31916641 a composite number?
True
Is 365186 a composite number?
True
Is 1747113 a prime number?
False
Is 457447 a prime number?
False
Is 103520489 prime?
True
Is 327137 a composite number?
True
Is 564921367 composite?
False
Is 13755173 a composite number?
True
Is 3103189 prime?
True
Is 184211 a prime number?
True
Is 101184529 a composite number?
True
Is 9917686 prime?
False
Is 5910947 a composite number?
True
Is 12065741 prime?
False
Is 31865329 a prime number?
True
Is 1121423 composite?
False
Is 5147249 a prime number?
True
Is 13295021 composite?
True
Is 4898090